{"id":480,"date":"2023-03-19T12:56:05","date_gmt":"2023-03-19T12:56:05","guid":{"rendered":"https:\/\/letrangerediefremde.de\/?page_id=480"},"modified":"2023-03-19T16:31:58","modified_gmt":"2023-03-19T16:31:58","slug":"audios","status":"publish","type":"page","link":"https:\/\/letrangerediefremde.de\/?page_id=480","title":{"rendered":"Audios"},"content":{"rendered":"\n<p>(Kopfh\u00f6rer empfolen)<\/p>\n\n\n\n<div class=\"wp-block-group has-global-padding is-layout-constrained wp-block-group-is-layout-constrained\">\n<figure class=\"wp-block-audio\"><audio controls src=\"http:\/\/letrangerediefremde.de\/wp-content\/uploads\/2023\/03\/ICH-HOeRE-STIMMEN.wav\"><\/audio><\/figure>\n\n\n\n<p>Ich h\u00f6re Stimmen<\/p>\n\n\n\n<div style=\"height:29px\" aria-hidden=\"true\" class=\"wp-block-spacer\"><\/div>\n<\/div>\n\n\n\n<div class=\"wp-block-group has-global-padding is-layout-constrained wp-block-group-is-layout-constrained\">\n<figure class=\"wp-block-audio\"><audio controls src=\"http:\/\/letrangerediefremde.de\/wp-content\/uploads\/2023\/03\/unbe_k_a_n_t_er-titel.wav\"><\/audio><\/figure>\n\n\n\n<p>Unbe_k_a_n_t_er Titel<\/p>\n\n\n\n<div style=\"height:29px\" aria-hidden=\"true\" class=\"wp-block-spacer\"><\/div>\n<\/div>\n\n\n\n<div class=\"wp-block-group has-global-padding is-layout-constrained wp-block-group-is-layout-constrained\">\n<figure class=\"wp-block-audio\"><audio controls src=\"http:\/\/letrangerediefremde.de\/wp-content\/uploads\/2023\/03\/Am-Nachmittag-voellig-zugedroehnt.wav\"><\/audio><\/figure>\n\n\n\n<p>Am Nachmittag v\u00f6llig zugedr\u00f6hnt<\/p>\n\n\n\n<div style=\"height:29px\" aria-hidden=\"true\" class=\"wp-block-spacer\"><\/div>\n<\/div>\n\n\n\n<div class=\"wp-block-group has-global-padding is-layout-constrained wp-block-group-is-layout-constrained\">\n<figure class=\"wp-block-audio\"><audio controls src=\"http:\/\/letrangerediefremde.de\/wp-content\/uploads\/2023\/03\/chilleuhhh.wav\"><\/audio><\/figure>\n\n\n\n<p>La valse \u00e0 mille \u00e9chos<\/p>\n\n\n\n<div style=\"height:29px\" aria-hidden=\"true\" class=\"wp-block-spacer\"><\/div>\n<\/div>\n\n\n\n<div class=\"wp-block-group has-global-padding is-layout-constrained wp-block-group-is-layout-constrained\">\n<figure class=\"wp-block-audio\"><audio controls src=\"http:\/\/letrangerediefremde.de\/wp-content\/uploads\/2023\/03\/mhhh-track-4-oder-so.wav\"><\/audio><\/figure>\n\n\n\n<p>Track 4 oder so<\/p>\n\n\n\n<div style=\"height:29px\" aria-hidden=\"true\" class=\"wp-block-spacer\"><\/div>\n<\/div>\n","protected":false},"excerpt":{"rendered":"<p>(Kopfh\u00f6rer empfolen) Ich h\u00f6re Stimmen Unbe_k_a_n_t_er Titel Am Nachmittag v\u00f6llig zugedr\u00f6hnt La valse \u00e0 mille \u00e9chos Track 4 oder so<\/p>\n","protected":false},"author":1,"featured_media":0,"parent":0,"menu_order":0,"comment_status":"closed","ping_status":"closed","template":"","meta":{"footnotes":""},"_links":{"self":[{"href":"https:\/\/letrangerediefremde.de\/index.php?rest_route=\/wp\/v2\/pages\/480"}],"collection":[{"href":"https:\/\/letrangerediefremde.de\/index.php?rest_route=\/wp\/v2\/pages"}],"about":[{"href":"https:\/\/letrangerediefremde.de\/index.php?rest_route=\/wp\/v2\/types\/page"}],"author":[{"embeddable":true,"href":"https:\/\/letrangerediefremde.de\/index.php?rest_route=\/wp\/v2\/users\/1"}],"replies":[{"embeddable":true,"href":"https:\/\/letrangerediefremde.de\/index.php?rest_route=%2Fwp%2Fv2%2Fcomments&post=480"}],"version-history":[{"count":2,"href":"https:\/\/letrangerediefremde.de\/index.php?rest_route=\/wp\/v2\/pages\/480\/revisions"}],"predecessor-version":[{"id":497,"href":"https:\/\/letrangerediefremde.de\/index.php?rest_route=\/wp\/v2\/pages\/480\/revisions\/497"}],"wp:attachment":[{"href":"https:\/\/letrangerediefremde.de\/index.php?rest_route=%2Fwp%2Fv2%2Fmedia&parent=480"}],"curies":[{"name":"wp","href":"https:\/\/api.w.org\/{rel}","templated":true}]}}